{"id":69,"date":"2024-03-25T20:40:45","date_gmt":"2024-03-25T19:40:45","guid":{"rendered":"https:\/\/relaunch.pq-computers.com\/?page_id=69"},"modified":"2024-04-22T17:18:36","modified_gmt":"2024-04-22T15:18:36","slug":"projekte","status":"publish","type":"page","link":"https:\/\/relaunch.pq-computers.com\/?page_id=69","title":{"rendered":"Projekte"},"content":{"rendered":"\t\t<div data-elementor-type=\"wp-page\" data-elementor-id=\"69\" class=\"elementor elementor-69\" data-elementor-post-type=\"page\">\n\t\t\t\t<div class=\"elementor-element elementor-element-e475d53 e-flex e-con-boxed e-con e-parent\" data-id=\"e475d53\" data-element_type=\"container\">\n\t\t\t\t\t<div class=\"e-con-inner\">\n\t\t<div class=\"elementor-element elementor-element-d1ab887 e-grid e-con-boxed e-con e-child\" data-id=\"d1ab887\" data-element_type=\"container\" data-settings=\"{&quot;background_background&quot;:&quot;classic&quot;}\">\n\t\t\t\t\t<div class=\"e-con-inner\">\n\t\t\t\t<div class=\"elementor-element elementor-element-4cbd957 elementor-widget elementor-widget-heading\" data-id=\"4cbd957\" data-element_type=\"widget\" data-widget_type=\"heading.default\">\n\t\t\t\t<div class=\"elementor-widget-container\">\n\t\t\t<style>\/*! elementor - v3.21.0 - 15-04-2024 *\/\n.elementor-heading-title{padding:0;margin:0;line-height:1}.elementor-widget-heading .elementor-heading-title[class*=elementor-size-]>a{color:inherit;font-size:inherit;line-height:inherit}.elementor-widget-heading .elementor-heading-title.elementor-size-small{font-size:15px}.elementor-widget-heading .elementor-heading-title.elementor-size-medium{font-size:19px}.elementor-widget-heading .elementor-heading-title.elementor-size-large{font-size:29px}.elementor-widget-heading .elementor-heading-title.elementor-size-xl{font-size:39px}.elementor-widget-heading .elementor-heading-title.elementor-size-xxl{font-size:59px}<\/style><h2 class=\"elementor-heading-title elementor-size-default\">Projekte<\/h2>\t\t<\/div>\n\t\t\t\t<\/div>\n\t\t\t\t<div class=\"elementor-element elementor-element-4472ada elementor-mobile-align-center elementor-align-center elementor-widget elementor-widget-lottie\" data-id=\"4472ada\" data-element_type=\"widget\" data-settings=\"{&quot;source_json&quot;:{&quot;url&quot;:&quot;https:\\\/\\\/relaunch.pq-computers.com\\\/wp-content\\\/uploads\\\/2024\\\/04\\\/Bookzuck_Projects.json&quot;,&quot;id&quot;:195,&quot;size&quot;:&quot;&quot;,&quot;alt&quot;:&quot;&quot;,&quot;source&quot;:&quot;library&quot;},&quot;trigger&quot;:&quot;none&quot;,&quot;loop&quot;:&quot;yes&quot;,&quot;play_speed&quot;:{&quot;unit&quot;:&quot;px&quot;,&quot;size&quot;:0.3,&quot;sizes&quot;:[]},&quot;source&quot;:&quot;media_file&quot;,&quot;caption_source&quot;:&quot;none&quot;,&quot;link_to&quot;:&quot;none&quot;,&quot;start_point&quot;:{&quot;unit&quot;:&quot;%&quot;,&quot;size&quot;:0,&quot;sizes&quot;:[]},&quot;end_point&quot;:{&quot;unit&quot;:&quot;%&quot;,&quot;size&quot;:100,&quot;sizes&quot;:[]},&quot;renderer&quot;:&quot;svg&quot;}\" data-widget_type=\"lottie.default\">\n\t\t\t\t<div class=\"elementor-widget-container\">\n\t\t\t<style>\/*! elementor-pro - v3.21.0 - 15-04-2024 *\/\n.e-lottie__container{display:inline-block;max-width:var(--lottie-container-max-width);width:var(--lottie-container-width);opacity:var(--lottie-container-opacity)}.e-lottie__container:hover{opacity:var(--lottie-container-opacity-hover);transition-duration:var(--lottie-container-transition-duration-hover)}.e-lottie__container svg,.e-lottie__container svg *{transition:none!important}.e-lottie__caption{color:var(--caption-color);margin-top:var(--caption-margin-top);text-align:var(--caption-text-align)}<\/style><div class=\"e-lottie__container\"><div class=\"e-lottie__animation\"><\/div><\/div>\t\t<\/div>\n\t\t\t\t<\/div>\n\t\t\t\t\t<\/div>\n\t\t\t\t<\/div>\n\t\t\t\t\t<\/div>\n\t\t\t\t<\/div>\n\t\t<div class=\"elementor-element elementor-element-765d2ce e-flex e-con-boxed e-con e-parent\" data-id=\"765d2ce\" data-element_type=\"container\" data-settings=\"{&quot;background_background&quot;:&quot;classic&quot;}\">\n\t\t\t\t\t<div class=\"e-con-inner\">\n\t\t<div class=\"elementor-element elementor-element-1d8e120 e-flex e-con-boxed e-con e-child\" data-id=\"1d8e120\" data-element_type=\"container\" data-settings=\"{&quot;background_background&quot;:&quot;classic&quot;}\">\n\t\t\t\t\t<div class=\"e-con-inner\">\n\t\t\t\t<div class=\"elementor-element elementor-element-9d2805e elementor-widget elementor-widget-heading\" data-id=\"9d2805e\" data-element_type=\"widget\" data-widget_type=\"heading.default\">\n\t\t\t\t<div class=\"elementor-widget-container\">\n\t\t\t<h3 class=\"elementor-heading-title elementor-size-default\">Gastro Software Solutions<\/h3>\t\t<\/div>\n\t\t\t\t<\/div>\n\t\t\t\t<div class=\"elementor-element elementor-element-3f4592c elementor-widget elementor-widget-heading\" data-id=\"3f4592c\" data-element_type=\"widget\" data-widget_type=\"heading.default\">\n\t\t\t\t<div class=\"elementor-widget-container\">\n\t\t\t<h4 class=\"elementor-heading-title elementor-size-default\">Digitalisierung f\u00fcr die Gastronomie<\/h4>\t\t<\/div>\n\t\t\t\t<\/div>\n\t\t\t\t<div class=\"elementor-element elementor-element-a5918e4 elementor-widget elementor-widget-text-editor\" data-id=\"a5918e4\" data-element_type=\"widget\" data-widget_type=\"text-editor.default\">\n\t\t\t\t<div class=\"elementor-widget-container\">\n\t\t\t<style>\/*! elementor - v3.21.0 - 15-04-2024 *\/\n.elementor-widget-text-editor.elementor-drop-cap-view-stacked .elementor-drop-cap{background-color:#69727d;color:#fff}.elementor-widget-text-editor.elementor-drop-cap-view-framed .elementor-drop-cap{color:#69727d;border:3px solid;background-color:transparent}.elementor-widget-text-editor:not(.elementor-drop-cap-view-default) .elementor-drop-cap{margin-top:8px}.elementor-widget-text-editor:not(.elementor-drop-cap-view-default) .elementor-drop-cap-letter{width:1em;height:1em}.elementor-widget-text-editor .elementor-drop-cap{float:left;text-align:center;line-height:1;font-size:50px}.elementor-widget-text-editor .elementor-drop-cap-letter{display:inline-block}<\/style>\t\t\t\t<p>Gastro Software Solutions bietet IT-Service sowie umfassende L\u00f6sungen rund um die Automatisierung und Digitalisierung von notwendigen Gastro-Abl\u00e4ufen f\u00fcr Restaurants, Clubs, Bars, Hotels und Festivals.<\/p><p>Die Digitalisierung hat die Gastronomiebranche revolutioniert und ist heute wichtiger denn je. In einer Zeit, in der Technologie einen festen Platz in unserem t\u00e4glichen Leben einnimmt, m\u00fcssen Restaurants und Caf\u00e9s ihre Arbeitsweise anpassen, um wettbewerbsf\u00e4hig zu bleiben und den Bed\u00fcrfnissen ihrer Kunden gerecht zu werden.<\/p><p>Ein entscheidender Aspekt der Digitalisierung in der Gastronomie ist die Automatisierung von Prozessen. Dank digitaler Bestellsysteme k\u00f6nnen Kunden ihre Speisen und Getr\u00e4nke bequem \u00fcber mobile Apps oder Tablets am Tisch bestellen. Dies spart Zeit f\u00fcr sowohl die G\u00e4ste als auch das Personal und minimiert m\u00f6gliche Missverst\u00e4ndnisse bei der Bestellung. Au\u00dferdem erm\u00f6glicht die Digitalisierung eine effizientere Verwaltung von Lagerbest\u00e4nden und Bestellungen, was zu einer Reduzierung von Verschwendung und Kosten f\u00fchrt.<\/p><p>Die Online-Pr\u00e4senz eines Restaurants ist heutzutage von entscheidender Bedeutung. Durch eine ansprechende Website und Pr\u00e4senz auf sozialen Medien k\u00f6nnen Restaurants ihre Reichweite erh\u00f6hen und potenzielle Kunden erreichen. Online-Reservierungssysteme machen es den G\u00e4sten leicht, Tische zu buchen, und Bewertungsplattformen erm\u00f6glichen es ihnen, Feedback zu hinterlassen und das Restaurant zu bewerten, was wiederum dabei hilft, die Qualit\u00e4t der Dienstleistungen zu verbessern.<\/p><p>Des Weiteren bieten digitale Marketingstrategien wie E-Mail-Marketing und gezielte Werbung die M\u00f6glichkeit, gezielt auf bestimmte Zielgruppen zuzugehen und Angebote zu bewerben. Loyalty-Programme und Rabattaktionen k\u00f6nnen ebenfalls \u00fcber mobile Apps oder digitale Kundenkarten verwaltet werden, um Stammkunden zu binden und ihre Treue zu belohnen.<\/p><p>Insgesamt tr\u00e4gt die Digitalisierung dazu bei, die Effizienz, Produktivit\u00e4t und Rentabilit\u00e4t von Restaurants zu steigern. Sie erm\u00f6glicht es ihnen, mit den sich st\u00e4ndig \u00e4ndernden Bed\u00fcrfnissen und Erwartungen der Verbraucher Schritt zu halten und gleichzeitig ein unvergessliches gastronomisches Erlebnis zu bieten. Daher ist die Integration digitaler Technologien in die Gesch\u00e4ftspraktiken von Restaurants unerl\u00e4sslich, um langfristigen Erfolg in der Branche zu gew\u00e4hrleisten.<\/p>\t\t\t\t\t\t<\/div>\n\t\t\t\t<\/div>\n\t\t\t\t\t<\/div>\n\t\t\t\t<\/div>\n\t\t\t\t\t<\/div>\n\t\t\t\t<\/div>\n\t\t<div class=\"elementor-element elementor-element-a3ea776 e-flex e-con-boxed e-con e-parent\" data-id=\"a3ea776\" data-element_type=\"container\">\n\t\t\t\t\t<div class=\"e-con-inner\">\n\t\t<div class=\"elementor-element elementor-element-d0caabf e-flex e-con-boxed e-con e-child\" data-id=\"d0caabf\" data-element_type=\"container\">\n\t\t\t\t\t<div class=\"e-con-inner\">\n\t\t<a class=\"elementor-element elementor-element-67f3596 e-flex e-con-boxed e-con e-child\" data-id=\"67f3596\" data-element_type=\"container\" href=\"https:\/\/gastro-software-solutions.com\/\" target=\"_blank\">\n\t\t\t\t\t<div class=\"e-con-inner\">\n\t\t\t\t<div class=\"elementor-element elementor-element-542e6dc elementor-widget elementor-widget-image\" data-id=\"542e6dc\" data-element_type=\"widget\" data-widget_type=\"image.default\">\n\t\t\t\t<div class=\"elementor-widget-container\">\n\t\t\t<style>\/*! elementor - v3.21.0 - 15-04-2024 *\/\n.elementor-widget-image{text-align:center}.elementor-widget-image a{display:inline-block}.elementor-widget-image a img[src$=\".svg\"]{width:48px}.elementor-widget-image img{vertical-align:middle;display:inline-block}<\/style>\t\t\t\t\t\t\t\t\t\t<img fetchpriority=\"high\" decoding=\"async\" width=\"800\" height=\"576\" src=\"https:\/\/relaunch.pq-computers.com\/wp-content\/uploads\/2024\/04\/Laptop-mit-Schatten-1024x737.png\" class=\"attachment-large size-large wp-image-207\" alt=\"\" srcset=\"https:\/\/relaunch.pq-computers.com\/wp-content\/uploads\/2024\/04\/Laptop-mit-Schatten-1024x737.png 1024w, https:\/\/relaunch.pq-computers.com\/wp-content\/uploads\/2024\/04\/Laptop-mit-Schatten-300x216.png 300w, https:\/\/relaunch.pq-computers.com\/wp-content\/uploads\/2024\/04\/Laptop-mit-Schatten-768x553.png 768w, https:\/\/relaunch.pq-computers.com\/wp-content\/uploads\/2024\/04\/Laptop-mit-Schatten-1536x1106.png 1536w, https:\/\/relaunch.pq-computers.com\/wp-content\/uploads\/2024\/04\/Laptop-mit-Schatten.png 1920w\" sizes=\"(max-width: 800px) 100vw, 800px\" \/>\t\t\t\t\t\t\t\t\t\t\t\t\t<\/div>\n\t\t\t\t<\/div>\n\t\t<div class=\"elementor-element elementor-element-ea83a18 e-con-full e-flex e-con e-child\" data-id=\"ea83a18\" data-element_type=\"container\" data-settings=\"{&quot;background_background&quot;:&quot;classic&quot;,&quot;position&quot;:&quot;absolute&quot;}\">\n\t\t\t\t<div class=\"elementor-element elementor-element-055ead3 elementor-widget elementor-widget-spacer\" data-id=\"055ead3\" data-element_type=\"widget\" data-widget_type=\"spacer.default\">\n\t\t\t\t<div class=\"elementor-widget-container\">\n\t\t\t<style>\/*! elementor - v3.21.0 - 15-04-2024 *\/\n.elementor-column .elementor-spacer-inner{height:var(--spacer-size)}.e-con{--container-widget-width:100%}.e-con-inner>.elementor-widget-spacer,.e-con>.elementor-widget-spacer{width:var(--container-widget-width,var(--spacer-size));--align-self:var(--container-widget-align-self,initial);--flex-shrink:0}.e-con-inner>.elementor-widget-spacer>.elementor-widget-container,.e-con>.elementor-widget-spacer>.elementor-widget-container{height:100%;width:100%}.e-con-inner>.elementor-widget-spacer>.elementor-widget-container>.elementor-spacer,.e-con>.elementor-widget-spacer>.elementor-widget-container>.elementor-spacer{height:100%}.e-con-inner>.elementor-widget-spacer>.elementor-widget-container>.elementor-spacer>.elementor-spacer-inner,.e-con>.elementor-widget-spacer>.elementor-widget-container>.elementor-spacer>.elementor-spacer-inner{height:var(--container-widget-height,var(--spacer-size))}.e-con-inner>.elementor-widget-spacer.elementor-widget-empty,.e-con>.elementor-widget-spacer.elementor-widget-empty{position:relative;min-height:22px;min-width:22px}.e-con-inner>.elementor-widget-spacer.elementor-widget-empty .elementor-widget-empty-icon,.e-con>.elementor-widget-spacer.elementor-widget-empty .elementor-widget-empty-icon{position:absolute;top:0;bottom:0;left:0;right:0;margin:auto;padding:0;width:22px;height:22px}<\/style>\t\t<div class=\"elementor-spacer\">\n\t\t\t<div class=\"elementor-spacer-inner\"><\/div>\n\t\t<\/div>\n\t\t\t\t<\/div>\n\t\t\t\t<\/div>\n\t\t\t\t<\/div>\n\t\t\t\t\t<\/div>\n\t\t\t\t<\/a>\n\t\t\t\t\t<\/div>\n\t\t\t\t<\/div>\n\t\t\t\t\t<\/div>\n\t\t\t\t<\/div>\n\t\t<div class=\"elementor-element elementor-element-01df27a e-flex e-con-boxed e-con e-parent\" data-id=\"01df27a\" data-element_type=\"container\" data-settings=\"{&quot;background_background&quot;:&quot;classic&quot;}\">\n\t\t\t\t\t<div class=\"e-con-inner\">\n\t\t<div class=\"elementor-element elementor-element-ceb86e8 e-flex e-con-boxed e-con e-child\" data-id=\"ceb86e8\" data-element_type=\"container\" data-settings=\"{&quot;background_background&quot;:&quot;classic&quot;}\">\n\t\t\t\t\t<div class=\"e-con-inner\">\n\t\t\t\t<div class=\"elementor-element elementor-element-a67abad elementor-widget elementor-widget-heading\" data-id=\"a67abad\" data-element_type=\"widget\" data-widget_type=\"heading.default\">\n\t\t\t\t<div class=\"elementor-widget-container\">\n\t\t\t<h3 class=\"elementor-heading-title elementor-size-default\">Bookzuck<\/h3>\t\t<\/div>\n\t\t\t\t<\/div>\n\t\t\t\t<div class=\"elementor-element elementor-element-1a1372e elementor-widget elementor-widget-heading\" data-id=\"1a1372e\" data-element_type=\"widget\" data-widget_type=\"heading.default\">\n\t\t\t\t<div class=\"elementor-widget-container\">\n\t\t\t<h4 class=\"elementor-heading-title elementor-size-default\">Das ultimative Reservierungssystem<\/h4>\t\t<\/div>\n\t\t\t\t<\/div>\n\t\t\t\t<div class=\"elementor-element elementor-element-6f323fa elementor-widget elementor-widget-text-editor\" data-id=\"6f323fa\" data-element_type=\"widget\" data-widget_type=\"text-editor.default\">\n\t\t\t\t<div class=\"elementor-widget-container\">\n\t\t\t\t\t\t\t<p>Die Reservierungs-Software Bookzuck zeichnet sich durch ihre bemerkenswert einfache Bedienung aus. Mit ihrer benutzerfreundlichen Oberfl\u00e4che k\u00f6nnen selbst technisch weniger versierte Benutzer m\u00fchelos Reservierungen vornehmen. Die intuitiven Men\u00fcs und Schaltfl\u00e4chen erm\u00f6glichen es den Nutzern, in nur wenigen Schritten Termine zu planen und Ressourcen zu reservieren. Dar\u00fcber hinaus bietet die Software eine klare \u00dcbersicht \u00fcber verf\u00fcgbare Zeiten und R\u00e4umlichkeiten, wodurch die Planung und Organisation von Terminen \u00e4u\u00dferst effizient wird. Die benutzerfreundliche Natur dieser Software macht sie zur idealen L\u00f6sung f\u00fcr Unternehmen, die nach einer unkomplizierten M\u00f6glichkeit suchen, Reservierungen zu verwalten und ihren Arbeitsablauf zu optimieren.<\/p><p>Die Verwendung von Bookzuck bietet zahlreiche unsch\u00e4tzbare Vorteile, die Ihre Arbeit effizienter und reibungsloser gestalten werden. Mit ihrer benutzerfreundlichen Oberfl\u00e4che wird selbst die komplexeste Aufgabe zu einer m\u00fchelosen Erfahrung, wodurch Sie Zeit und Ressourcen einsparen k\u00f6nnen.<\/p><p>Die umfassende Funktionalit\u00e4t von Bookzuck erm\u00f6glicht es Ihnen, eine Vielzahl von Aufgaben zu bew\u00e4ltigen \u2013 von der Datenverwaltung bis zur Berichterstellung. Weiterhin bietet Bookzuck gleichzeitig die Flexibilit\u00e4t, sich an Ihre spezifischen Anforderungen anzupassen. Dar\u00fcber hinaus sorgt die eingebaute Sicherheit f\u00fcr den Schutz Ihrer Daten und gew\u00e4hrleistet, dass Ihre Informationen stets vertraulich bleiben.<\/p><p>Mit Bookzuck k\u00f6nnen Sie sich auf das konzentrieren, was wirklich wichtig ist, ohne sich mit technischen Herausforderungen herumschlagen zu m\u00fcssen. Es ist die L\u00f6sung, die Ihren Arbeitsablauf optimiert und Ihnen den Raum gibt, sich auf Ihre eigentliche Aufgabe zu konzentrieren, Ihren G\u00e4sten willkommen zu hei\u00dfen<\/p>\t\t\t\t\t\t<\/div>\n\t\t\t\t<\/div>\n\t\t\t\t\t<\/div>\n\t\t\t\t<\/div>\n\t\t\t\t\t<\/div>\n\t\t\t\t<\/div>\n\t\t<div class=\"elementor-element elementor-element-31865db e-flex e-con-boxed e-con e-parent\" data-id=\"31865db\" data-element_type=\"container\">\n\t\t\t\t\t<div class=\"e-con-inner\">\n\t\t<div class=\"elementor-element elementor-element-974eefe e-flex e-con-boxed e-con e-child\" data-id=\"974eefe\" data-element_type=\"container\">\n\t\t\t\t\t<div class=\"e-con-inner\">\n\t\t<a class=\"elementor-element elementor-element-faa42a8 e-flex e-con-boxed e-con e-child\" data-id=\"faa42a8\" data-element_type=\"container\" href=\"https:\/\/bookzuck.de\/\" target=\"_blank\">\n\t\t\t\t\t<div class=\"e-con-inner\">\n\t\t\t\t<div class=\"elementor-element elementor-element-2f85ee8 elementor-widget elementor-widget-image\" data-id=\"2f85ee8\" data-element_type=\"widget\" data-widget_type=\"image.default\">\n\t\t\t\t<div class=\"elementor-widget-container\">\n\t\t\t\t\t\t\t\t\t\t\t\t\t<img fetchpriority=\"high\" decoding=\"async\" width=\"800\" height=\"576\" src=\"https:\/\/relaunch.pq-computers.com\/wp-content\/uploads\/2024\/04\/Laptop-mit-Schatten-1024x737.png\" class=\"attachment-large size-large wp-image-207\" alt=\"\" srcset=\"https:\/\/relaunch.pq-computers.com\/wp-content\/uploads\/2024\/04\/Laptop-mit-Schatten-1024x737.png 1024w, https:\/\/relaunch.pq-computers.com\/wp-content\/uploads\/2024\/04\/Laptop-mit-Schatten-300x216.png 300w, https:\/\/relaunch.pq-computers.com\/wp-content\/uploads\/2024\/04\/Laptop-mit-Schatten-768x553.png 768w, https:\/\/relaunch.pq-computers.com\/wp-content\/uploads\/2024\/04\/Laptop-mit-Schatten-1536x1106.png 1536w, https:\/\/relaunch.pq-computers.com\/wp-content\/uploads\/2024\/04\/Laptop-mit-Schatten.png 1920w\" sizes=\"(max-width: 800px) 100vw, 800px\" \/>\t\t\t\t\t\t\t\t\t\t\t\t\t<\/div>\n\t\t\t\t<\/div>\n\t\t<div class=\"elementor-element elementor-element-f875b85 e-con-full e-flex e-con e-child\" data-id=\"f875b85\" data-element_type=\"container\" data-settings=\"{&quot;background_background&quot;:&quot;classic&quot;,&quot;position&quot;:&quot;absolute&quot;}\">\n\t\t\t\t<div class=\"elementor-element elementor-element-238d87e elementor-widget elementor-widget-spacer\" data-id=\"238d87e\" data-element_type=\"widget\" data-widget_type=\"spacer.default\">\n\t\t\t\t<div class=\"elementor-widget-container\">\n\t\t\t\t\t<div class=\"elementor-spacer\">\n\t\t\t<div class=\"elementor-spacer-inner\"><\/div>\n\t\t<\/div>\n\t\t\t\t<\/div>\n\t\t\t\t<\/div>\n\t\t\t\t<\/div>\n\t\t\t\t\t<\/div>\n\t\t\t\t<\/a>\n\t\t\t\t\t<\/div>\n\t\t\t\t<\/div>\n\t\t\t\t\t<\/div>\n\t\t\t\t<\/div>\n\t\t\t\t<\/div>\n\t\t","protected":false},"excerpt":{"rendered":"<p>Projekte Gastro Software Solutions Digitalisierung f\u00fcr die Gastronomie Gastro Software Solutions bietet IT-Service sowie umfassende L\u00f6sungen rund um die Automatisierung und Digitalisierung von notwendigen Gastro-Abl\u00e4ufen f\u00fcr Restaurants, Clubs, Bars, Hotels und Festivals. Die Digitalisierung hat die Gastronomiebranche revolutioniert und ist heute wichtiger denn je. In einer Zeit, in der Technologie einen festen Platz in unserem [&hellip;]<\/p>\n","protected":false},"author":2,"featured_media":0,"parent":0,"menu_order":0,"comment_status":"closed","ping_status":"closed","template":"","meta":{"footnotes":""},"class_list":["post-69","page","type-page","status-publish","hentry"],"_links":{"self":[{"href":"https:\/\/relaunch.pq-computers.com\/index.php?rest_route=\/wp\/v2\/pages\/69","targetHints":{"allow":["GET"]}}],"collection":[{"href":"https:\/\/relaunch.pq-computers.com\/index.php?rest_route=\/wp\/v2\/pages"}],"about":[{"href":"https:\/\/relaunch.pq-computers.com\/index.php?rest_route=\/wp\/v2\/types\/page"}],"author":[{"embeddable":true,"href":"https:\/\/relaunch.pq-computers.com\/index.php?rest_route=\/wp\/v2\/users\/2"}],"replies":[{"embeddable":true,"href":"https:\/\/relaunch.pq-computers.com\/index.php?rest_route=%2Fwp%2Fv2%2Fcomments&post=69"}],"version-history":[{"count":79,"href":"https:\/\/relaunch.pq-computers.com\/index.php?rest_route=\/wp\/v2\/pages\/69\/revisions"}],"predecessor-version":[{"id":459,"href":"https:\/\/relaunch.pq-computers.com\/index.php?rest_route=\/wp\/v2\/pages\/69\/revisions\/459"}],"wp:attachment":[{"href":"https:\/\/relaunch.pq-computers.com\/index.php?rest_route=%2Fwp%2Fv2%2Fmedia&parent=69"}],"curies":[{"name":"wp","href":"https:\/\/api.w.org\/{rel}","templated":true}]}}